
4
Let y(a) = a - 26. Give y(12).
-14
Let w(d) = 2*d**3 - 50*d**2 + 48*d + 8. Determine w(24).
8
Let d(q) = q**2 - 18*q + 78. Determine d(13).
13
Let b(x) = -x**2 - 12*x + 13. Give b(-12).
13
Let z(c) = c**3 - 3*c**2 - 2*c - 3. Determine z(4).
5
Let n(h) = -h**2 + 2*h + 9. Calculate n(4).
1
Let a(n) = -14*n - 131. Determine a(-9).
-5
Let f(y) = y**2 + 9*y - 12. Calculate f(-10).
-2
Let m(j) = -35*j - 96. Determine m(-2).
-26
Let a(s) = -8*s - 43. Give a(-5).
-3
Let o(n) = -n**3 + 19*n**2 - 17*n - 11. Determine o(18).
7
Let r(z) = -z**3 - 5*z**2 - 2*z + 1. Determine r(-2).
-7
Let b(n) = n**3 + 6*n**2 - 2*n - 15. Determine b(-6).
-3
Let p(d) = -2*d + 8. Give p(8).
-8
Let q(v) = 12*v + 52. Give q(-18).
-164
Let k(g) = 8*g**2 + 25*g - 3. What is k(-4)?
25
Let x(k) = -2*k - 2. Give x(-4).
6
Let l(o) = -7*o - 76. Calculate l(-9).
-13
Let n(a) = -a**3 + 11*a**2 + 24*a + 35. Calculate n(13).
9
Let t(c) = -5*c + 3. Determine t(-4).
23
Let g(i) = -i**2 - 14*i - 31. Give g(-14).
-31
Let z(r) = -r**3 + 15*r**2 - 12*r - 20. Calculate z(14).
8
Let z(r) = -r**3 - 3*r**2 + 8*r + 12. Give z(-5).
22
Let d(i) = -7*i - 112. Determine d(-18).
14
Let t(q) = -q**3 + 3*q**2 - 5*q + 4. Give t(2).
-2
Let b(u) = -41*u + 299. What is b(7)?
12
Let j(q) = q**3 - q**2 - 10*q + 6. Give j(4).
14
Let a(v) = -2*v**2 - 2*v + 8. Determine a(4).
-32
Let x(m) = -2*m**2 - 1. What is x(-1)?
-3
Let q(r) = -r**3 + 3*r**2 + 5*r - 7. What is q(4)?
-3
Let q(v) = v**3 + 38. Determine q(0).
38
Let u(w) = -32*w**2 - 20*w - 18. Calculate u(-1).
-30
Let u(o) = o**2 + 5*o - 3. Calculate u(-4).
-7
Let t(k) = -k - 11. Calculate t(0).
-11
Let j(a) = a**3 + 28*a**2 + 27*a + 8. What is j(-27)?
8
Let c(x) = x**2 + 14*x - 11. What is c(-15)?
4
Let q(v) = -2*v + 5. Calculate q(1).
3
Let b(i) = 2*i + 2. What is b(0)?
2
Let k(p) = -p**3 - 9*p**2 + 53*p + 6. Give k(-13).
-7
Let d(x) = 12*x - 132. Give d(11).
0
Let d(x) = -x**3 + 15*x**2 - 15*x + 9. Determine d(14).
-5
Let k(v) = -3*v**3 + 7*v**2 + 7. Give k(3).
-11
Let u(c) = -c**3 - 15*c**2 - 4*c - 10. What is u(-14)?
-150
Let s(y) = y**3 - 2*y**2 - 1. What is s(-2)?
-17
Let u(m) = -97*m - 96. Give u(-1).
1
Let z(c) = -2*c + 36. Calculate z(19).
-2
Let s(k) = -3*k + 35. What is s(13)?
-4
Let b(y) = 2*y**2 - 6*y + 1. What is b(4)?
9
Let d(p) = -23*p**3 - 2*p**2 - 2*p + 3. Give d(1).
-24
Let m(d) = d + 8. Give m(-10).
-2
Let k(d) = 4*d - 137. Calculate k(31).
-13
Let g(v) = -v**3 - 7*v**2 - 6*v - 17. Calculate g(-7).
25
Let q(g) = g**3 + 4*g**2 + 6. Give q(-4).
6
Let p(j) = -2*j**2 + 6*j - 7. Determine p(5).
-27
Let z(x) = -13*x**2 - 322*x + 83. What is z(-25)?
8
Let a(i) = 2*i**3 - 131*i**2 + 67*i - 119. Determine a(65).
11
Let w(f) = f**2 + 8*f + 16. Give w(-8).
16
Let q(p) = -12*p - 18. What is q(-5)?
42
Let m(z) = -2*z**2 + 31*z - 14. Determine m(15).
1
Let d(k) = -k + 23. Give d(22).
1
Let c(t) = t**3 - 2*t**2 - 8*t + 5. Calculate c(4).
5
Let k(i) = -i**3 + 10*i**2 + 2*i - 31. Determine k(8).
113
Let s(z) = 2*z**2 - 20*z - 34. Calculate s(15).
116
Let t(l) = -2*l - 11. Calculate t(-8).
5
Let l(j) = 2*j**2 - 4*j. Calculate l(0).
0
Let h(t) = -2*t**2 - 27*t + 7. Give h(-13).
20
Let w(x) = -2*x**2 + 3*x + 10. Give w(4).
-10
Let a(m) = -5*m + 14. What is a(19)?
-81
Let b(z) = 18*z**2 + 4*z + 7. Give b(-2).
71
Let k(g) = g**3 + g**2 - g + 5. Determine k(0).
5
Let n(v) = 3*v - 112. Calculate n(36).
-4
Let k(i) = 2*i + 5. Give k(15).
35
Let r(l) = l**3 - 9*l**2 + 6*l + 1. What is r(8)?
-15
Let o(q) = q**2 - 22*q + 113. Determine o(12).
-7
Let n(c) = -c**3 - 4*c**2 - 7*c - 2. Give n(-5).
58
Let w(v) = 22*v + 2. Calculate w(-2).
-42
Let o(q) = -q**2 + 4*q - 7. Determine o(0).
-7
Let b(z) = -z**3 - 5*z**2 + 2*z + 1. Determine b(-5).
-9
Let f(j) = -j**2 - 16. Give f(-4).
-32
Let b(n) = -4*n**2 + n - 1. Calculate b(-4).
-69
Let i(r) = 4*r - 9. Determine i(-13).
-61
Let h(b) = -b**3 - 8*b**2 + 5*b + 3. What is h(-9)?
39
Let v(h) = h**2 + 4*h. Give v(-5).
5
Let c(l) = -4*l - 13. Calculate c(7).
-41
Let k(t) = -t**3 - 4*t**2 + t + 6. Give k(-3).
-6
Let f(k) = 3*k**3 - 3*k**2 - k - 4. Determine f(2).
6
Let l(o) = o**2 + 13*o + 12. Give l(-11).
-10
Let p(l) = -2*l**2 - 9*l - 9. Give p(-4).
-5
Let n(s) = -s**3 - 13*s**2 - 11*s + 13. What is n(-12)?
1
Let d(k) = -k**2 + 4*k - 14. Calculate d(5).
-19
Let h(x) = x**3 - 9*x**2 + 12*x - 12. What is h(7)?
-26
Let j(p) = -58*p + 335. Determine j(6).
-13
Let f(i) = 2*i - 36. Determine f(17).
-2
Let g(f) = f**3 + 17*f**2 + 10*f + 37. Determine g(-17).
-133
Let q(m) = 28*m**3 - 2*m**2 - 2*m - 1. Determine q(-1).
-29
Let m(o) = o**3 - 7*o**2 - 10*o + 4. Determine m(8).
-12
Let t(u) = -u**2 + 5*u - 12. Give t(6).
-18
Let j(l) = 16*l - 159. Give j(10).
1
Let m(w) = -w**3 - 6*w**2 - 4*w - 2. What is m(-4)?
-18
Let p(b) = b**3 + 5*b**2 - 6*b + 3. Determine p(-5).
33
Let v(h) = h**2 - 11*h + 13. What is v(6)?
-17
Let x(k) = 26*k + 469. Calculate x(-18).
1
Let d(u) = -u**2 - 9*u + 3. What is d(-9)?
3
Let t(j) = j**3 - 22*j**2 - 20*j - 57. What is t(23)?
12
Let b(r) = -53*r**2 + 4*r + 5. What is b(-1)?
-52
Let y(j) = j**3 + 2*j**2 + j + 77. What is y(0)?
77
Let y(z) = -4*z + 9. What is y(4)?
-7
Let b(y) = -2*y - 32. Give b(-11).
-10
Let d(g) = -2*g + 24. Determine d(14).
-4
Let o(i) = -3*i**2 + 111*i - 109. Calculate o(36).
-1
Let k(a) = -6*a**2 + a + 13. Determine k(4).
-79
Let d(s) = 2*s**2 - 57*s + 56. Calculate d(28).
28
Let m(d) = -11*d**3 + 4*d**2 - d - 1. Give m(1).
-9
Let q(s) = -s**3 - 10*s**2 + 4*s - 12. Give q(-10).
-52
Let k(r) = -14*r. Give k(1).
-14
Let a(y) = -8*y - 318. Determine a(-40).
2
Let c(b) = -3*b**2 - 4*b + 2. What is c(-5)?
-53
Let b(g) = -g**2 - 2*g + 6. Determine b(-3).
3
Let m(r) = r + 57. Give m(-12).
45
Let z(h) = -h**3 + 7*h**2 - 5*h + 7. Give z(5).
32
Let u(j) = -23*j - 124. What is u(-5)?
-9
Let a(z) = -2*z**3 + 4*z**2 - 4*z + 6. Determine a(3).
-24
Let y(j) = -102*j - 295. Give y(-3).
11
Let d(j) = j**3 + j - 3. What is d(-4)?
-71
Let x(j) = j**3 - 12*j**2 - 2*j + 8. Calculate x(12).
-16
Let i(u) = u**2 - 18*u - 23. What is i(19)?
-4
Let l(p) = 8*p - 154. What is l(24)?
38
Let l(s) = 2*s**3 - s + 3. Calculate l(-3).
-48
Let l(h) = -h**3 - 7*h**2 - 6*h + 6. Determine l(-6).
6
Let h(k) = -k**3 - 27*k**2 - 2*k - 21. Calculate h(-27).
33
Let a(c) = -c**3 + 2*c**2 + 5*c - 11. Determine a(3).
-5
Let b(g) = 5*g + 8. Calculate b(2).
18
Let x(o) = 3*o - 43. Give x(13).
-4
Let z(p) = -p**2 + 4*p + 4. Determine z(6).
-8
Let l(v) = 2*v + 17. Determine l(-4).
9
Let p(j) = -j**3 + 8*j**2 + 12*j - 22. Calculate p(9).
5
Let j(y) = -y**2 + 7*y + 10. Calculate j(9).
-8
Let s(j) = j + 24. Determine s(0).
24
Let i(o) = 2*o**2 - 50*o + 140. Give i(22).
8
Let h(w) = -w**3 + 7*w**2 - 8*w + 8. Determine h(6).
-4
Let b(z) = z**3 - 7*z**2 - 11*z - 3. What is b(8)?
-27
Let a(s) = 4*s**2 + s - 5. What is a(3)?
34
Let m(h) = -h**3 + 17*h**2 - 16*h - 2. What is m(16)?
-2
Let l(v) = 5*v**2 + 3*v - 1. Determine l(3).
53
Let k(z) = 4*z**2 + 18*z + 18. Determine k(-1).
4
Let j(m) = -m**2 - 16*m - 45. Calculate j(-14).
-17
Let z(o) = -o**3 + 3*o**2 + 4*o + 10. What is z(5)?
-20
Let q(n) = -n**2 - 3*n - 1. Determine q(-5).
-11
Let c(s) = -79*s**3 + s**2 - 3*s - 3. Calculate c(-1).
80
Let b(h) = -h. Give b(-3).
3
Let z(u) = -u + 9. What is z(8)?
1
Let l(h) = 11*h + 6. Calculate l(-1).
-5
Let g(p) = -4*p + 29. What is g(10)?
-11
Let q(j) = j**3 + 11*j**2 + 3*j + 11. Give q(-11).
-22
Let p(k) = 7*k**2 + 7*k - 36. Determine p(4).
104
Let p(d) = d**3 + 7*d**2 - d + 5. Give p(-7).
12
Let l(f) = -2*f**2 + 25*f - 15. Calculate l(12).
-3
Let v(d) = -8*d**2 - 2*d - 1. Determine v(2).
-37
Let z(t) = -3*t - 31. Calculate z(-13).
8
Let b(r) = -r**2 - 32*r + 91. Calculate b(-34).
23
Let s(z) = -75*z + 144. Calculate s(2).
-6
Let n(s) = 2*s. Give n(-3).
-6
Let t(i) = -i**3 + 4*i**2 + 5*i - 4. Give t(4).
16
Let l(s) = s**2 + 4*s - 93. What is l(8)?
3
Let o(r) = 10*r + 43. What is o(-4)?
3
Let t(l) = -2*l**2 - 29*l - 7. Give t(-14).
7
Let m(j) = j**3 - 4*j**2 - 5*j - 1. Calculate m(5).
-1
Let q(h) = -2*h**3 - 46*h**2 + h + 32. What is q(-23)?
9
Let y(q) = -6*q + 4. What is y(5)?
-26
Let j(v) = v**2 - 23*v - 27. Calculate j(24).
-3
Let q(x) = x**3 + x**2 - x - 2. Determine q(-6).
-176
Let z(p) = -p**3 + p**2 + p - 4. Give z(3).
-19
Let i(v) = -v**3 +